{"id":18,"date":"2022-05-16T17:14:43","date_gmt":"2022-05-16T14:14:43","guid":{"rendered":"https:\/\/aytugatikyonetimi.com\/?page_id=18"},"modified":"2022-06-08T16:50:20","modified_gmt":"2022-06-08T13:50:20","slug":"referanslar","status":"publish","type":"page","link":"https:\/\/aytugatikyonetimi.com\/index.php\/referanslar\/","title":{"rendered":"Referans"},"content":{"rendered":"\n<p>Profesyonel hizmet verdi\u011fimiz \u015firketlerden baz\u0131lar\u0131 :<\/p>\n\n\n\n<figure class=\"wp-block-image size-full\"><img loading=\"lazy\" decoding=\"async\" width=\"186\" height=\"109\" src=\"https:\/\/aytugatikyonetimi.com\/wp-content\/uploads\/2022\/06\/cms-1.jpg\" alt=\"\" class=\"wp-image-147\"\/><\/figure>\n\n\n\n<figure class=\"wp-block-image size-full is-resized\"><img loading=\"lazy\" decoding=\"async\" src=\"https:\/\/aytugatikyonetimi.com\/wp-content\/uploads\/2022\/06\/abalioglu-1.jpg\" alt=\"\" class=\"wp-image-148\" width=\"223\" height=\"137\" srcset=\"https:\/\/aytugatikyonetimi.com\/wp-content\/uploads\/2022\/06\/abalioglu-1.jpg 310w, https:\/\/aytugatikyonetimi.com\/wp-content\/uploads\/2022\/06\/abalioglu-1-300x184.jpg 300w\" sizes=\"auto, (max-width: 223px) 100vw, 223px\" \/><\/figure>\n\n\n\n<figure class=\"wp-block-image size-full is-resized\"><img loading=\"lazy\" decoding=\"async\" src=\"https:\/\/aytugatikyonetimi.com\/wp-content\/uploads\/2022\/06\/philsa-1.png\" alt=\"\" class=\"wp-image-149\" width=\"210\" height=\"151\"\/><\/figure>\n\n\n\n<figure class=\"wp-block-image size-full is-resized\"><img loading=\"lazy\" decoding=\"async\" src=\"https:\/\/aytugatikyonetimi.com\/wp-content\/uploads\/2022\/06\/socar-1.jpg\" alt=\"\" class=\"wp-image-150\" width=\"211\" height=\"110\" srcset=\"https:\/\/aytugatikyonetimi.com\/wp-content\/uploads\/2022\/06\/socar-1.jpg 960w, https:\/\/aytugatikyonetimi.com\/wp-content\/uploads\/2022\/06\/socar-1-300x156.jpg 300w, https:\/\/aytugatikyonetimi.com\/wp-content\/uploads\/2022\/06\/socar-1-768x400.jpg 768w\" sizes=\"auto, (max-width: 211px) 100vw, 211px\" \/><\/figure>\n\n\n\n<figure class=\"wp-block-image size-full is-resized\"><img loading=\"lazy\" decoding=\"async\" src=\"https:\/\/aytugatikyonetimi.com\/wp-content\/uploads\/2022\/06\/pinar.png\" alt=\"\" class=\"wp-image-151\" width=\"203\" height=\"139\"\/><\/figure>\n\n\n\n<figure class=\"wp-block-image size-full is-resized\"><img loading=\"lazy\" decoding=\"async\" src=\"https:\/\/aytugatikyonetimi.com\/wp-content\/uploads\/2022\/06\/tetrapak-2.jpg\" alt=\"\" class=\"wp-image-153\" width=\"217\" height=\"144\"\/><\/figure>\n","protected":false},"excerpt":{"rendered":"<p>Profesyonel hizmet verdi\u011fimiz \u015firketlerden baz\u0131lar\u0131 :<\/p>\n","protected":false},"author":1,"featured_media":0,"parent":0,"menu_order":0,"comment_status":"closed","ping_status":"closed","template":"","meta":{"footnotes":""},"class_list":["post-18","page","type-page","status-publish","hentry"],"_links":{"self":[{"href":"https:\/\/aytugatikyonetimi.com\/index.php\/wp-json\/wp\/v2\/pages\/18","targetHints":{"allow":["GET"]}}],"collection":[{"href":"https:\/\/aytugatikyonetimi.com\/index.php\/wp-json\/wp\/v2\/pages"}],"about":[{"href":"https:\/\/aytugatikyonetimi.com\/index.php\/wp-json\/wp\/v2\/types\/page"}],"author":[{"embeddable":true,"href":"https:\/\/aytugatikyonetimi.com\/index.php\/wp-json\/wp\/v2\/users\/1"}],"replies":[{"embeddable":true,"href":"https:\/\/aytugatikyonetimi.com\/index.php\/wp-json\/wp\/v2\/comments?post=18"}],"version-history":[{"count":5,"href":"https:\/\/aytugatikyonetimi.com\/index.php\/wp-json\/wp\/v2\/pages\/18\/revisions"}],"predecessor-version":[{"id":154,"href":"https:\/\/aytugatikyonetimi.com\/index.php\/wp-json\/wp\/v2\/pages\/18\/revisions\/154"}],"wp:attachment":[{"href":"https:\/\/aytugatikyonetimi.com\/index.php\/wp-json\/wp\/v2\/media?parent=18"}],"curies":[{"name":"wp","href":"https:\/\/api.w.org\/{rel}","templated":true}]}}